d 111325.
305
What is the greatest common factor of 6 and 277293?
3
What is the highest common factor of 19468 and 3611?
157
Calculate the greatest common divisor of 1457 and 16430.
31
What is the greatest common factor of 7056 and 7224?
168
What is the highest common divisor of 2423708 and 28?
28
What is the greatest common factor of 57176 and 224?
56
What is the highest common divisor of 1028278 and 146?
146
What is the greatest common factor of 18 and 23224986?
18
What is the greatest common factor of 19210 and 1356?
226
What is the highest common factor of 45 and 78885?
45
Calculate the highest common factor of 224 and 11009488.
112
Calculate the greatest common factor of 373 and 1345411.
373
Calculate the highest common divisor of 3552 and 3324.
12
What is the highest common divisor of 149370 and 78?
78
What is the highest common factor of 1661 and 302453?
151
Calculate the greatest common factor of 4966 and 390.
26
What is the greatest common divisor of 144 and 148500?
36
What is the highest common factor of 4746 and 4294?
226
Calculate the highest common divisor of 2885 and 1178811.
577
What is the greatest common divisor of 210 and 50085?
105
Calculate the highest common factor of 2520672 and 140.
28
What is the greatest common divisor of 10 and 121610?
10
Calculate the highest common factor of 104 and 13400.
8
Calculate the greatest common factor of 8 and 6187976.
8
What is the greatest common factor of 6 and 10641?
3
Calculate the greatest common factor of 440760 and 4920.
120
What is the highest common divisor of 16 and 10336?
16
What is the highest common divisor of 546 and 1248?
78
What is the highest common divisor of 42947 and 603?
67
Calculate the greatest common divisor of 728 and 947947.
91
Calculate the highest common factor of 72 and 35163.
9
Calculate the highest common factor of 11340 and 513.
27
Calculate the greatest common factor of 30470 and 9735.
55
Calculate the greatest common factor of 809 and 83.
1
Calculate the greatest common divisor of 5489 and 11477.
499
Calculate the highest common divisor of 66152 and 392.
8
Calculate the greatest common divisor of 328 and 21064.
8
What is the greatest common factor of 18357 and 3587?
211
What is the highest common factor of 1521 and 1143?
9
Calculate the greatest common factor of 2570 and 19018.
514
What is the greatest common divisor of 4 and 372892?
4
What is the highest common divisor of 200800 and 20?
20
What is the highest common factor of 1624225 and 25?
25
What is the highest common divisor of 28596 and 114?
6
Calculate the greatest common divisor of 459 and 390771.
27
What is the highest common factor of 3450830 and 17?
17
What is the highest common factor of 85731 and 51?
51
Calculate the highest common factor of 648 and 3176.
8
What is the highest common divisor of 2583079 and 59?
59
What is the highest common factor of 405 and 903879?
81
Calculate the greatest common divisor of 1926 and 124334.
214
What is the highest common divisor of 4570 and 1073036?
914
Calculate the greatest common divisor of 160048 and 20.
4
What is the highest common factor of 540 and 24540?
60
What is the greatest common factor of 2937787 and 2465?
493
What is the greatest common divisor of 5199 and 864767?
1733
What is the highest common divisor of 35 and 23500?
5
Calculate the highest common divisor of 413 and 6146.
7
Calculate the highest common divisor of 20215 and 3042.
13
Calculate the highest common divisor of 13790 and 22261.
197
What is the greatest common divisor of 98 and 22687?
49
What is the greatest common factor of 93728 and 303?
101
What is the greatest common factor of 1737 and 873?
9
What is the highest common factor of 16030 and 28?
14
Calculate the highest common divisor of 28464 and 36173.
593
Calculate the greatest common factor of 247744 and 49.
49
What is the greatest common divisor of 165 and 690635?
55
What is the greatest common divisor of 9018 and 316298?
334
Calculate the greatest common factor of 666708 and 84.
84
What is the greatest common factor of 20 and 52584?
4
Calculate the highest common divisor of 2890495 and 4155.
1385
What is the greatest common divisor of 2016091 and 77?
77
Calculate the highest common divisor of 1611 and 7160.
179
Calculate the highest common factor of 2050704 and 72.
72
Calculate the greatest common divisor of 2384 and 35462.
298
Calculate the greatest common factor of 7622 and 1854.
206
What is the greatest common divisor of 26 and 146926?
26
What is the greatest common factor of 116320 and 448?
32
Calculate the highest common factor of 44 and 3908.
4
Calculate the highest common factor of 1241 and 4781573.
1241
What is the highest common divisor of 785999 and 545?
109
What is the highest common divisor of 7004 and 10300?
412
Calculate the highest common factor of 16284 and 1239.
177
What is the highest common divisor of 35558 and 6957?
773
What is the highest common divisor of 125 and 82625?
125
What is the highest common factor of 22 and 281556?
22
What is the greatest common divisor of 804456 and 216?
72
What is the greatest common divisor of 699 and 1654999?
233
Calculate the highest common factor of 3376 and 4336.
16
Calculate the greatest common factor of 7686 and 61.
61
Calculate the highest common factor of 20516 and 58052.
92
What is the greatest common factor of 3667912 and 59?
59
Calculate the highest common factor of 157 and 232831.
157
Calculate the highest common divisor of 2914 and 2883.
31
Calculate the highest common divisor of 727107 and 102.
51
What is the greatest common factor of 15960 and 10710?
210
Calculate the greatest common factor of 816 and 55284.
204
What is the highest common factor of 1392 and 1308?
12
Calculate the greatest common factor of 26 and 139451.
13
What is the greatest common factor of 80064 and 1356?
12
What is the highest common divisor of 4853 and 8651?
211
Calculate the greatest common divisor of 521277 and 282.
141
What is the greatest common divisor of 53 and 1692555?
53
Calculate the highest common factor of 5572 and 332.
4
Calculate the greatest common divisor of 1540 and 185020.
220
What is the highest common factor of 6723 and 381?
3
What is the greatest common factor of 41976 and 120?
24
What is the greatest common factor of 1541716 and 44?
44
Calculate the highest common factor of 1413 and 303.
3
Calculate the greatest common factor of 2515408 and 784.
112
What is the greatest common factor of 812 and 177248?
116
What is the greatest common divisor of 256 and 553472?
256
What is the greatest common divisor of 16768 and 11790?
262
What is the greatest common divisor of 2032 and 2976?
16
Calculate the greatest common factor of 296 and 6273128.
296
What is the highest common divisor of 2353608 and 144?
72
Calculate the greatest common divisor of 2261 and 94297.
133
Calculate the greatest common divisor of 28285 and 5.
5
What is the greatest common divisor of 1769 and 167040?
29
What is the greatest common divisor of 4 and 1205890?
2
What is the greatest common factor of 14992 and 2112?
16
Calculate the greatest common divisor of 237951 and 189.
189
Calculate the highest common factor of 1665 and 4905.
45
Calculate the highest common factor of 158418 and 1638.
234
Calculate the highest common factor of 23 and 221513.
23
What is the greatest common divisor of 48 and 42552?
24
Calculate the greatest common factor of 580995 and 18.
9
Calculate the highest common factor of 2436 and 725.
29
Calculate the highest common factor of 18 and 63306.
18
What is the highest common factor of 60 and 93312?
12
What is the greatest common divisor of 24 and 2179712?
8
Calculate the highest common divisor of 114688 and 868.
28
What is the highest common divisor of 206516 and 3400?
68
Calculate the greatest common divisor of 76223 and 175.
7
What is the greatest common factor of 30770 and 289?
17
What is the greatest common factor of 111 and 196544?
37
What is the greatest common divisor of 736 and 1652228?
92
Calculate the highest common factor of 1716 and 867900.
132
Calculate the greatest common factor of 864 and 2074464.
864
What is the greatest common factor of 61104 and 114?
114
What is the greatest common factor of 103810 and 2590?
70
What is the greatest common factor of 12 and 55485?
